e remainder when 3057178 is divided by 611363.
363
What is the remainder when 784550 is divided by 3309?
317
What is the remainder when 336388 is divided by 473?
85
Calculate the remainder when 2013833 is divided by 101.
95
Calculate the remainder when 357410 is divided by 50946.
788
What is the remainder when 47021 is divided by 11683?
289
What is the remainder when 145219 is divided by 7631?
230
What is the remainder when 122983 is divided by 9561?
8251
What is the remainder when 158196 is divided by 37185?
9456
Calculate the remainder when 61663 is divided by 1147.
872
What is the remainder when 1122125 is divided by 1833?
329
Calculate the remainder when 5036202 is divided by 1678690.
132
Calculate the remainder when 6784204 is divided by 157772.
8
Calculate the remainder when 6857709 is divided by 18.
15
What is the remainder when 3031152 is divided by 505166?
156
What is the remainder when 3121542 is divided by 26909?
98
Calculate the remainder when 72669 is divided by 182.
51
What is the remainder when 2889332 is divided by 14?
12
Calculate the remainder when 5441228 is divided by 3158.
3152
What is the remainder when 1202019 is divided by 120198?
39
Calculate the remainder when 352634 is divided by 411.
407
Calculate the remainder when 222012132 is divided by 15.
12
Calculate the remainder when 261207339 is divided by 891.
888
Calculate the remainder when 31303167 is divided by 290.
277
What is the remainder when 16007627 is divided by 579?
14
Calculate the remainder when 25822680 is divided by 174.
36
Calculate the remainder when 277876699 is divided by 20.
19
Calculate the remainder when 298804197 is divided by 1902.
1899
Calculate the remainder when 266518 is divided by 8076.
10
What is the remainder when 261959 is divided by 6228?
383
What is the remainder when 340136 is divided by 375?
11
Calculate the remainder when 762103 is divided by 6404.
27
Calculate the remainder when 3301245 is divided by 192.
189
Calculate the remainder when 2006857 is divided by 1685.
22
What is the remainder when 14328053 is divided by 39580?
93
Calculate the remainder when 632677 is divided by 321.
307
What is the remainder when 99203070 is divided by 813?
810
Calculate the remainder when 32473202 is divided by 61386.
8
Calculate the remainder when 23445 is divided by 5710.
605
What is the remainder when 976092 is divided by 10193?
7757
What is the remainder when 22050090 is divided by 2065?
20
What is the remainder when 2444404 is divided by 4074?
4
What is the remainder when 11929569 is divided by 1325496?
105
Calculate the remainder when 69406477 is divided by 40.
37
Calculate the remainder when 714426 is divided by 242.
42
What is the remainder when 1006950 is divided by 1006853?
97
What is the remainder when 13007834 is divided by 32683?
0
What is the remainder when 165612012 is divided by 30?
12
What is the remainder when 1587201 is divided by 1587170?
31
Calculate the remainder when 23012690 is divided by 35.
15
What is the remainder when 12381199 is divided by 16334?
27
Calculate the remainder when 24403293 is divided by 152.
149
What is the remainder when 607472 is divided by 640?
112
Calculate the remainder when 19854 is divided by 650.
354
Calculate the remainder when 70194 is divided by 917.
502
Calculate the remainder when 51550422 is divided by 1726.
1706
Calculate the remainder when 1818440 is divided by 2034.
44
Calculate the remainder when 122795 is divided by 40698.
701
Calculate the remainder when 1404026 is divided by 3764.
54
Calculate the remainder when 1148670 is divided by 1148077.
593
What is the remainder when 499023 is divided by 46?
15
Calculate the remainder when 11978520 is divided by 485.
475
Calculate the remainder when 19181 is divided by 3963.
3329
What is the remainder when 587512117 is divided by 15064413?
10
What is the remainder when 12230 is divided by 3696?
1142
What is the remainder when 3028029 is divided by 1548?
141
Calculate the remainder when 554997 is divided by 874.
7
What is the remainder when 97999855 is divided by 164?
15
Calculate the remainder when 719684493 is divided by 2243.
2242
Calculate the remainder when 1035446 is divided by 226.
140
What is the remainder when 5198199 is divided by 154?
83
What is the remainder when 15976806 is divided by 1657?
12
What is the remainder when 838380 is divided by 64423?
881
Calculate the remainder when 5222287 is divided by 395.
387
What is the remainder when 13202721 is divided by 11362?
77
Calculate the remainder when 6612 is divided by 847.
683
What is the remainder when 2554659 is divided by 2210?
2109
What is the remainder when 2343974 is divided by 137878?
48
Calculate the remainder when 15706127 is divided by 327.
317
Calculate the remainder when 3658484 is divided by 152436.
20
Calculate the remainder when 282810 is divided by 157.
53
What is the remainder when 1707962 is divided by 146?
54
Calculate the remainder when 2960102 is divided by 237.
209
Calculate the remainder when 8406267 is divided by 1681252.
7
Calculate the remainder when 191157 is divided by 1001.
967
Calculate the remainder when 13013 is divided by 4836.
3341
What is the remainder when 795847 is divided by 132618?
139
What is the remainder when 1452160 is divided by 96781?
445
Calculate the remainder when 1154489 is divided by 2467.
2400
Calculate the remainder when 177859 is divided by 7409.
43
Calculate the remainder when 956532 is divided by 59.
24
What is the remainder when 12742260 is divided by 1657?
1587
What is the remainder when 3125418 is divided by 5941?
452
What is the remainder when 780963 is divided by 21693?
15
Calculate the remainder when 35280221 is divided by 16.
13
What is the remainder when 19715652 is divided by 1577?
1575
Calculate the remainder when 10640178 is divided by 354670.
78
Calculate the remainder when 90192 is divided by 29797.
801
What is the remainder when 408374 is divided by 358?
254
What is the remainder when 12209998 is divided by 4070?
4068
What is the remainder when 2474251 is divided by 176729?
45
Calculate the remainder when 1323440 is divided by 483.
20
What is the remainder when 548264262 is divided by 11?
7
Calculate the remainder when 3227146 is divided by 88.
10
What is the remainder when 1037104 is divided by 26591?
55
What is the remainder when 5217547 is divided by 146?
91
What is the remainder when 3279645 is divided by 316?
197
Calculate the remainder when 1373754 is divided by 27429.
2304
What is the remainder when 2361156 is divided by 6522?
192
What is the remainder when 73645 is divided by 68061?
5584
What is the remainder when 222501 is divided by 6013?
20
Calculate the remainder when 246736 is divided by 47.
33
What is the remainder when 950973 is divided by 1461?
1323
Calculate the remainder when 2870266 is divided by 220788.
22
Calculate the remainder when 4371852 is divided by 273240.
12
What is the remainder when 178101 is divided by 11868?
81
What is the remainder when 10097358 is divided by 200?
158
What is the remainder when 202440417 is divided by 468?
465
What is the remainder when 14767133 is divided by 410198?
5
Calculate the remainder when 39040 is divided by 9655.
420
Calculate the remainder when 12693381 is divided by 165.
96
What is the remainder when 350306 is divided by 116573?
587
Calculate the remainder when 195589973 is divided by 381267.
2
What is the remainder when 2914741 is divided by 544?
533
What is the remainder when 87062 is divided by 7828?
954
Calculate the remainder when 4780537 is divided by 421.
82
What is the remainder when 670762 is divided by 19728?
10
Calculate the remainder when 21404287 is divided by 27.
10
What is the remainder when 22085 is divided by 2002?
63
What is the remainder when 875895 is divided by 9518?
239
Calculate the remainder when 266727 is divided by 609.
594
What is the remainder when 5494910 is divided by 610539?
59
Calculate the remainder when 3713679 is divided by 906.
891
What is the remainder when 1239779 is divided by 34434?
155
Calculate the remainder when 106536103 is divided by 53268033.
37
What is the remainder when 519067636 is divided by 65?
61
Calculate the remainder when 226235 is divided by 8699.
61
What is the remainder when 1350068 is divided by 10